 3*b + d, 5*d + 40 = -b + i*b. What is the units digit of b?
0
Let z be ((-1 - 0)*5)/(-1). Let h = 9 - z. What is the units digit of h?
4
Let g(d) = d + 8. Let w(v) = v + 8. Let z(h) = 6*g(h) - 5*w(h). Let c be z(-6). Suppose 2 = k - p, 4*p = -5*k + 8 + c. What is the units digit of k?
2
Let j = 4 - 2. Suppose -j*m = -m + 2. What is the units digit of m/4*48/(-3)?
8
Suppose -5*q - 4 + 34 = 0. Suppose q*t - t = 10. What is the units digit of t?
2
Suppose -h + 5 = -0. Let p(n) = -n**3 - 9*n**2 - 9*n - 1. Let v be p(-8). Suppose -3*x = 6, h*f + 2*x - v = 4. What is the units digit of f?
3
Suppose 0*o = -o + 220. What is the units digit of o?
0
Suppose -3*c + 7 = -8. Let z = -1 + c. Let b = 9 - z. What is the units digit of b?
5
Suppose 3*g + 4*z + 4 = -0*z, 0 = -4*z + 20. Let r be (g/10)/(2/(-5)). What is the units digit of r/5*(7 - 2)?
2
Let t = -2 - 1. What is the units digit of (-2 - -4) + t - -6?
5
Let o = 31 - 29. What is the tens digit of (-117)/(-27)*(5 - o)?
1
Let k(j) be the second derivative of -5*j**3/6 + j**2/2 - j. Let x = -1 + 0. What is the units digit of k(x)?
6
Suppose -3*m + 4*m - 122 = 0. What is the tens digit of m?
2
Let k(x) = x**3 - 3*x**2 + 2*x - 6. Let r be k(4). Suppose 2*n - r = 5*i, -3*i + 2 = -n + 11. What is the units digit of n?
9
Let h = -10 - -13. Suppose -2*f - 32 = -2*i + 12, h*f = i - 26. What is the units digit of i?
0
Let c be (3/(-2))/(3/(-20)). Suppose 5 = -5*m - 3*n + c, 0 = 3*n. What is the units digit of m?
1
Suppose -j = -y - 111, 0 = -5*j + j + 2*y + 452. What is the hundreds digit of j?
1
Suppose 25*n - 98 = 23*n. What is the tens digit of n?
4
Let d = 43 - -92. Let u be 1/(-2 - (-273)/d). Suppose -l + u = 4*l. What is the units digit of l?
9
Suppose -6*d - 52 = -7*d. Suppose -3*g = -d - 68. What is the units digit of g?
0
Let q(z) = -z**2 + 7*z + 5. Suppose -4*w + 3 = -o, 4*o - 2*o = 10. Suppose 4*b = w*d - 14, d - 5*d + 28 = b. What is the units digit of q(d)?
5
Let b = -97 - -140. What is the units digit of b?
3
Suppose 11*p - 553 = 2769. What is the tens digit of p?
0
Let a(p) = 2*p - 6. Let q(n) = n + 3. Let z be q(5). What is the tens digit of a(z)?
1
Let t = -10 + 12. Suppose -11 = -3*v - i + 9, 8 = -t*i. What is the units digit of v?
8
Suppose -s = -0*s. Suppose -5*i - 3*m = -2*m - 15, i - m - 3 = s. What is the units digit of i?
3
What is the tens digit of (-17*(-9 + 3))/2?
5
Let k(i) = i**3 - 9*i**2 + 3*i - 12. What is the tens digit of k(9)?
1
Let p = 42 - 23. Suppose o - 6*f + 2*f - 17 = 0, 0 = -3*o + 4*f + p. What is the units digit of o?
1
Let b be 6/24 + 14/8. Suppose -2*m + b + 2 = 0. What is the units digit of (-2)/(-4) + 11/m?
6
Let g(s) = 5*s**2 + 6. Let w(m) = -m**2 - 1. Let k(h) = -g(h) - 6*w(h). Let d(n) = 10*n**2 + n - 1. Let o(p) = d(p) - 3*k(p). What is the units digit of o(1)?
7
Suppose -224 = 5*h - 639. What is the tens digit of h?
8
Let a(d) = -d - 2. Let l be (4/10)/((-5)/25). Let k be a(l). Suppose k = 3*t - 2*m + 7*m, -5*t + 5*m + 40 = 0. What is the units digit of t?
5
Let r(p) = -p**2 + 4*p + 5. Let w be r(5). Suppose -3*t + t + 16 = w. What is the units digit of t?
8
Suppose -7*n + 31 = -95. What is the tens digit of n?
1
Let x(i) = -4*i**3 - 2*i**2 + 2*i + 3. Let k be x(-2). Suppose -k - 4 = -n. Suppose -a = 3*j - 4*a - n, 3*j - 21 = a. What is the units digit of j?
6
Suppose -u = -2*p + 20 + 23, 0 = -3*p - 3*u + 60. What is the units digit of p?
1
Let b = 37 - 25. Let u be (3/(-6))/(2/b). What is the units digit of (-2)/u + (-50)/(-6)?
9
What is the units digit of -1*(-11 + 3 + -5)?
3
Suppose 0 = -7*q + 132 + 722. What is the units digit of q?
2
Let b = 1 + 11. Let v = -6 - 2. Let i = b + v. What is the units digit of i?
4
Suppose -u + 213 = 3*c, -2*c + u + 81 = -56. Let x = c + -46. What is the tens digit of x?
2
Let t(k) = -48*k**2 - 6*k + 6. Let n(w) = -48*w**2 - 7*w + 7. Let l(q) = 5*n(q) - 6*t(q). What is the tens digit of l(1)?
4
Let m(c) = c**2 - c + 2. Let a be m(0). Suppose o = a*o - 28. What is the units digit of o?
8
Let g = 6 - 2. What is the units digit of g?
4
Let k be (18/5)/((-18)/(-60)). Suppose 4*h - k = 2*w, -25 - 1 = -5*w - 4*h. What is the units digit of (7 - w/1)*4?
0
Let r(a) = -57*a - 2. What is the tens digit of r(-1)?
5
Let b be (2/1)/((-2)/(-4)). Suppose -3*m + 19 = 2*m + x, -15 = -b*m - x. Suppose -m*d - 8 + 40 = 0. What is the units digit of d?
8
Let h be 7/21 - 2/6. Suppose h = 7*l - 5*l - 2. Suppose 3*z = -f - 2*f + 3, l = f + 2*z. What is the units digit of f?
1
Suppose 5*c - 127 - 388 = 0. What is the units digit of c?
3
Let b(l) be the first derivative of -6*l**2 - 4*l - 7. What is the units digit of b(-5)?
6
What is the tens digit of ((-2)/4*-34)/1?
1
Let r be ((-4)/6)/((-8)/(-12)). Let g be (1*r)/(5/(-15)). Let p = 13 - g. What is the units digit of p?
0
Suppose 115 - 118 = -3*l. What is the units digit of l?
1
Suppose 0 = -6*a - 3*a + 333. What is the tens digit of a?
3
Let v = 1 + 11. Let j be 3/v*-2*2. What is the units digit of j/3 + (-30)/(-9)?
3
Let o(p) = 3*p**2 - 2 + 0*p**2 - 5*p - 4*p**2. What is the units digit of o(-4)?
2
Let y = -202 + 136. Let w = y + 43. Let t = w - -34. What is the units digit of t?
1
Let w = -1 + 1. Let h = w - -6. Suppose 0 = 3*y + 5*s - 1, 3*y + 9 = h*y - 3*s. What is the units digit of y?
2
Suppose 0 = -5*r + 12*r - 1127. What is the hundreds digit of r?
1
Let n(p) = -10*p**3 + 10*p + 7 + 0*p - 8*p**2 + 9*p**3. Let x be n(-9). What is the tens digit of x*(-9 + -1)/1?
2
Suppose 0 = -5*i + 3*l + 11 - 2, 0 = -i - 4*l - 12. Suppose 16 = -4*x - i*x, 4*x = j - 28. Suppose 2*q - 7 = b - 21, j = -4*q. What is the units digit of b?
8
Let i be (9 - (0 - -3))*1. Suppose 0 = 8*r - i*r - 16. What is the units digit of r?
8
Let l be (6/(-8))/(1/(-4)). What is the tens digit of (l/9)/(6/306)?
1
What is the tens digit of ((-576)/60)/(2/(-10))?
4
Let t(v) = v - 3. Suppose 5*f - 44 = 2*f + s, 0 = -5*f - 5*s + 100. Let j = f - 10. What is the units digit of t(j)?
3
Let t be 2/8 - (-63)/4. Let d = t + -8. What is the units digit of d?
8
Let s(n) = -n**3 + 8*n**2 + 2*n - 12. Let m be s(8). Suppose -j = 2*j - l - 28, -5*j + 40 = -5*l. Suppose m*u - j = 6. What is the units digit of u?
4
What is the units digit of (-7)/(-28) - 479/(-4)?
0
Let x(w) = -14*w. What is the tens digit of x(-1)?
1
Let c(n) be the first derivative of -n**7/840 + n**5/120 + n**4/12 - n**3/3 + 1. Let t(z) be the third derivative of c(z). What is the units digit of t(-2)?
8
Let c = 3 - 4. Let o be (0 + -30 + c)/(-1). Suppose 5*v - o = -11. What is the units digit of v?
4
Let k = 14 - 9. Suppose k = 5*a - 75. What is the units digit of a?
6
Let h(y) = 38*y**2 + 3. What is the tens digit of h(2)?
5
Suppose 0 = -f - 3*f - 24. What is the tens digit of ((-45)/f)/(9/12)?
1
Suppose -109 = -3*r - 16. What is the tens digit of r?
3
Let s be 33/(-5) + 6/10. Let z(p) = 4 + 5*p + 3*p**2 - p**2 - p**2. What is the units digit of z(s)?
0
Let p(y) = 4*y - 2. Let k be p(3). What is the units digit of 10*(2 - 12/k)?
8
Let i = -11 + 31. What is the tens digit of i?
2
Suppose -5*n - 5*i + 35 = 0, -4*i + 5 = -5*n - 5. Let k be (-92)/(-5)*5/n. Let j = k + -32. What is the tens digit of j?
1
Let c(t) = -t**3 + t**2 + 2*t - 1. What is the units digit of c(-3)?
9
Suppose 2*c = 3 + 11. Let b(w) = 5*w - 4. What is the tens digit of b(c)?
3
Let u(p) = 11*p - 6. What is the tens digit of u(5)?
4
Suppose 2*d + 4 - 12 = 0. Suppose 0 = 4*g - 3*g - 29. Suppose -g = -d*x + 3. What is the units digit of x?
8
Let b(j) = -17*j + 3. What is the tens digit of b(-1)?
2
Let g be (-2)/(-3) + (-12)/(-9). Let f = g - 0. Suppose 4*u - 47 = a, -f*u = 3*u + 5*a - 40. What is the tens digit of u?
1
Suppose 68 = 6*q - 16. What is the tens digit of q?
1
Let s(x) = -x**3 + 18*x**2 + 24*x + 22. What is the hundreds digit of s(19)?
1
Let r(t) = -18*t - 3. Let i be r(-3). Suppose -5*z - 5*d - 45 = -10*z, 5*d - i = -3*z. What is the units digit of z?
2
Let b = 20 - -17. Suppose -58 = -5*f + b. Suppose -5*u + 4*z + f = 0, -4*u - z - 2*z + 40 = 0. What is the units digit of u?
7
Let c = -7 - -10. Suppose c*p + p = 52. What is the tens digit of p?
1
Let p(s) = -s**2 - 8*s + 18. Let n be p(-10). Let t(a) = a**2 - 12. Let i be t(0). What is the units digit of n/3 - 20/i?
1
Let w(i) = -i**3 + 5*i**